{"id":335,"date":"2024-07-10T16:15:52","date_gmt":"2024-07-10T14:15:52","guid":{"rendered":"https:\/\/dojo-bouddhiste-zen.com\/?page_id=335"},"modified":"2024-07-10T16:44:12","modified_gmt":"2024-07-10T14:44:12","slug":"arts","status":"publish","type":"page","link":"https:\/\/dojo-bouddhiste-zen.com\/?page_id=335","title":{"rendered":"Arts"},"content":{"rendered":"\n<p class=\"has-small-font-size\">La pratique de la couture du kesa est une activit\u00e9 traditionnelle dans la tradition du bouddhique. Le zen a influenc\u00e9 \u00e9galement de nombreux arts extr\u00eame-orientaux.<\/p>\n\n\n\n<p class=\"has-white-color has-medium-gray-background-color has-text-color has-background has-link-color wp-elements-eb107a9078b0be6aa195641304ca5313\"><strong>La couture du Kesa<\/strong><\/p>\n\n\n\n<p class=\"has-link-color has-small-font-size wp-elements-8d4f71b715d837408d2bae204ec8c397\">Kesa&nbsp; signifie litt\u00e9ralement \u00ab&nbsp;la robe de Bouddha&nbsp;\u00bb. Aujourd\u2019hui encore, nous continuons \u00e0 coudre le kesa de la m\u00eame mani\u00e8re que Bouddha. La forme du kesa \u00e9voque celle d\u2019une rizi\u00e8re. La couture exige une grande concentration et permet d&#8217;apprendre \u00e0 se relier \u00e0 l&#8217;instant pr\u00e9sent. <\/p>\n\n\n\n<p class=\"has-link-color has-small-font-size wp-elements-515c702936d248a354824d9dc3e8f449\">La couture du kesa a \u00e9t\u00e9 transmise en Europe par ma\u00eetre Deshimaru. Elle est aujourd&#8217;hui enseign\u00e9e par des pratiquants anciens qui contribuent, par leur engagement, \u00e0 maintenir vivante cette tradition.<\/p>\n\n\n<div class=\"wp-block-image\">\n<figure class=\"aligncenter is-resized\"><img loading=\"lazy\" decoding=\"async\" width=\"600\" height=\"400\" src=\"https:\/\/dojo-bouddhiste-zen.com\/wp-content\/uploads\/2024\/07\/couture_kesa.jpg\" alt=\"\" class=\"wp-image-340\" style=\"width:342px;height:auto\" srcset=\"https:\/\/dojo-bouddhiste-zen.com\/wp-content\/uploads\/2024\/07\/couture_kesa.jpg 600w, https:\/\/dojo-bouddhiste-zen.com\/wp-content\/uploads\/2024\/07\/couture_kesa-300x200.jpg 300w\" sizes=\"(max-width: 600px) 100vw, 600px\" \/><\/figure><\/div>\n\n\n<p class=\"has-link-color has-small-font-size wp-elements-c502fabcfc0fa4c006cf13fef1cbff72\">\u00ab&nbsp; <em>Le Kesa est le v\u00eatement des disciples de Bouddha, remis lors des ordinations de moine, nonne ou bodhisattva. Coudre soi-m\u00eame son kesa ou son rakusu est important. La m\u00e9thode juste se transmet directement, de personne \u00e0 personne. Coudre le kesa n\u2019est pas simplement une activit\u00e9 manuelle et technique. Cela fait partie de la pratique de la Voie et demande une concentration et un \u00e9tat d\u2019esprit justes, tout a fait comparables \u00e0 ceux de la pratique de zazen.<\/em>&nbsp;\u00bb<\/p>\n\n\n\n<p class=\"has-white-color has-medium-gray-background-color has-text-color has-background has-link-color wp-elements-37e98c48b7a8f483cd38b503fe3df938\"><strong>Calligraphie<\/strong><\/p>\n\n\n\n<p class=\"has-small-font-size\">La calligraphie chinoise est en soi un art \u00e9nerg\u00e9tique au m\u00eame titre que le Taijiquan ou le Qigong. L\u2019importance de l\u2019attitude corporelle, la concentration sur la respiration et la recherche d\u2019harmonie et d\u2019\u00e9quilibre font partie int\u00e9grante de cet art. Le pratiquant y trouve naturellement un moyen privil\u00e9gi\u00e9 d\u2019expression de sa sensibilit\u00e9 et de sa cr\u00e9ativit\u00e9. Le travail sur l\u2019horizontalit\u00e9 et la verticalit\u00e9 ainsi que sur les proportions et le rapport \u00e0 l\u2019espace permet au pratiquant de mieux se replacer dans l\u2019espace, la feuille de papier sur laquelle il s\u2019exerce devenant alors pour lui une repr\u00e9sentation en miniature de l\u2019univers. <em>(Texte issu du Dojo Zen de Lyon)<\/em><\/p>\n\n\n<div class=\"wp-block-image\">\n<figure class=\"aligncenter is-resized\"><img loading=\"lazy\" decoding=\"async\" width=\"391\" height=\"541\" src=\"https:\/\/dojo-bouddhiste-zen.com\/wp-content\/uploads\/2024\/07\/Bouddha-c2g-1.jpg\" alt=\"\" class=\"wp-image-337\" style=\"width:245px;height:auto\" srcset=\"https:\/\/dojo-bouddhiste-zen.com\/wp-content\/uploads\/2024\/07\/Bouddha-c2g-1.jpg 391w, https:\/\/dojo-bouddhiste-zen.com\/wp-content\/uploads\/2024\/07\/Bouddha-c2g-1-217x300.jpg 217w\" sizes=\"(max-width: 391px) 100vw, 391px\" \/><\/figure><\/div>\n\n\n<p><\/p>\n\n\n\n<p class=\"has-white-color has-medium-gray-background-color has-text-color has-background has-link-color wp-elements-6452ac3e100ed8e4150afa6c484fd24a\"><strong>Arts Martiau<\/strong>x<\/p>\n\n\n\n<p class=\"has-small-font-size\">Le Zen et les arts martiaux ont la m\u00eame saveur. L&#8217;influence du Zen est perceptible dans le Judo, l\u2019A\u00efkido, le Karat\u00e9, le Kendo, le jujutsu, le kyudo (voie de l&#8217;arc) &#8230;<\/p>\n\n\n\n<p class=\"has-small-font-size\">L\u2019ensemble des arts martiaux japonais porte le nom de <em>Budo<\/em>. C\u2019est ce dernier qui est parvenu \u00e0 approfondir directement la relation entre la religion, la philosophie et l\u2019\u00e9thique propres tant pour le Zen que pour les arts martiaux. Le Budo concerne particuli\u00e8rement la r\u00e9flexion sur la nature du soi.<\/p>\n\n\n<div class=\"wp-block-image\">\n<figure class=\"aligncenter is-resized\"><img loading=\"lazy\" decoding=\"async\" width=\"289\" height=\"311\" src=\"https:\/\/dojo-bouddhiste-zen.com\/wp-content\/uploads\/2024\/07\/aikikai.jpg\" alt=\"\" class=\"wp-image-339\" style=\"width:256px;height:auto\" srcset=\"https:\/\/dojo-bouddhiste-zen.com\/wp-content\/uploads\/2024\/07\/aikikai.jpg 289w, https:\/\/dojo-bouddhiste-zen.com\/wp-content\/uploads\/2024\/07\/aikikai-279x300.jpg 279w\" sizes=\"(max-width: 289px) 100vw, 289px\" \/><\/figure><\/div>\n\n\n<p class=\"has-small-font-size\">En somme, le Budo permet d\u2019identifier sa propre nature. Dans la m\u00eame optique que le Zen, la connaissance approfondie du soi y est recherch\u00e9e, de m\u00eame que la paix int\u00e9rieure<\/p>\n\n\n\n<p class=\"has-white-color has-medium-gray-background-color has-text-color has-background has-link-color wp-elements-d2f789f65dd384d86c4dd4b98fd85bcc\"><strong>Autres<\/strong><\/p>\n\n\n\n<p class=\"has-small-font-size\">Le zen a \u00e9galement influenc\u00e9 l&#8217;art du th\u00e9, l&#8217;art des jardins, l&#8217;art floral (ikebana), la c\u00e9ramique, le ha\u00efku&#8230;<\/p>\n\n\n<div class=\"wp-block-image\">\n<figure class=\"aligncenter is-resized\"><img loading=\"lazy\" decoding=\"async\" width=\"2560\" height=\"1714\" src=\"https:\/\/dojo-bouddhiste-zen.com\/wp-content\/uploads\/2024\/07\/jardin-zen.jpg\" alt=\"\" class=\"wp-image-338\" style=\"width:483px;height:auto\" srcset=\"https:\/\/dojo-bouddhiste-zen.com\/wp-content\/uploads\/2024\/07\/jardin-zen.jpg 2560w, https:\/\/dojo-bouddhiste-zen.com\/wp-content\/uploads\/2024\/07\/jardin-zen-300x201.jpg 300w, https:\/\/dojo-bouddhiste-zen.com\/wp-content\/uploads\/2024\/07\/jardin-zen-1024x686.jpg 1024w, https:\/\/dojo-bouddhiste-zen.com\/wp-content\/uploads\/2024\/07\/jardin-zen-768x514.jpg 768w, https:\/\/dojo-bouddhiste-zen.com\/wp-content\/uploads\/2024\/07\/jardin-zen-1536x1028.jpg 1536w, https:\/\/dojo-bouddhiste-zen.com\/wp-content\/uploads\/2024\/07\/jardin-zen-2048x1371.jpg 2048w, https:\/\/dojo-bouddhiste-zen.com\/wp-content\/uploads\/2024\/07\/jardin-zen-624x418.jpg 624w\" sizes=\"(max-width: 2560px) 100vw, 2560px\" \/><\/figure><\/div>","protected":false},"excerpt":{"rendered":"<p>La pratique de la couture du kesa est une activit\u00e9 traditionnelle dans la tradition du bouddhique. Le zen a influenc\u00e9 \u00e9galement de nombreux arts extr\u00eame-orientaux. La couture du Kesa Kesa&nbsp; signifie litt\u00e9ralement \u00ab&nbsp;la robe de Bouddha&nbsp;\u00bb. Aujourd\u2019hui encore, nous continuons \u00e0 coudre le kesa de la m\u00eame mani\u00e8re que Bouddha. La forme du kesa \u00e9voque [&hellip;]<\/p>\n","protected":false},"author":1,"featured_media":0,"parent":0,"menu_order":0,"comment_status":"closed","ping_status":"closed","template":"","meta":{"om_disable_all_campaigns":false,"_monsterinsights_skip_tracking":false,"_monsterinsights_sitenote_active":false,"_monsterinsights_sitenote_note":"","_monsterinsights_sitenote_category":0,"footnotes":""},"aioseo_notices":[],"_links":{"self":[{"href":"https:\/\/dojo-bouddhiste-zen.com\/index.php?rest_route=\/wp\/v2\/pages\/335"}],"collection":[{"href":"https:\/\/dojo-bouddhiste-zen.com\/index.php?rest_route=\/wp\/v2\/pages"}],"about":[{"href":"https:\/\/dojo-bouddhiste-zen.com\/index.php?rest_route=\/wp\/v2\/types\/page"}],"author":[{"embeddable":true,"href":"https:\/\/dojo-bouddhiste-zen.com\/index.php?rest_route=\/wp\/v2\/users\/1"}],"replies":[{"embeddable":true,"href":"https:\/\/dojo-bouddhiste-zen.com\/index.php?rest_route=%2Fwp%2Fv2%2Fcomments&post=335"}],"version-history":[{"count":6,"href":"https:\/\/dojo-bouddhiste-zen.com\/index.php?rest_route=\/wp\/v2\/pages\/335\/revisions"}],"predecessor-version":[{"id":352,"href":"https:\/\/dojo-bouddhiste-zen.com\/index.php?rest_route=\/wp\/v2\/pages\/335\/revisions\/352"}],"wp:attachment":[{"href":"https:\/\/dojo-bouddhiste-zen.com\/index.php?rest_route=%2Fwp%2Fv2%2Fmedia&parent=335"}],"curies":[{"name":"wp","href":"https:\/\/api.w.org\/{rel}","templated":true}]}}